uppose 9*l - 85 = 59. What is the units digit of (-8)/(-6)*-433*(-12)/l?
3
Suppose -i + 24 = 8. Let j = i - -21. Let y = j - 25. What is the tens digit of y?
1
Suppose 2*v + 2*u - 13298 = 0, -v + 6654 = -19*u + 21*u. What is the units digit of v?
4
Let p(c) be the first derivative of c**4 + 2*c**3/3 - 2*c**2 + c - 5. Let j be ((-10)/(-2) - 1)*(-3)/(-4). What is the units digit of p(j)?
5
Let u = -19 + 23. Suppose -5*s - u = -s. What is the tens digit of (-2)/((s - 1)/((-93)/(-3)))?
3
Suppose 21*p + 193 - 2713 = 0. Suppose -p = -5*j - 2*t, -t - 14 = -j + 17. What is the tens digit of j?
2
Suppose 4*r = 20*r. Suppose 4*t - 720 + 252 = r. What is the units digit of t?
7
Suppose 3*u = -2*z + 85985, z = -2*u + 30326 + 12668. Suppose z = 21*w + 3172. What is the units digit of w?
6
Let t(q) = 2*q**3 + 17*q**2 - 4*q - 30. Let i be t(-7). Let y = 233 - i. What is the tens digit of y?
8
Let j(q) = q + 23. Let s be j(-7). Let l = 128 - 96. What is the tens digit of 334/4 + s/l - -3?
8
Let v(y) = -2*y**3 - 13*y**2 + 9*y + 3. Let d be (-4)/3*(-6)/(-4). Let a be d/(-12) + (-55)/6 - -1. What is the hundreds digit of v(a)?
1
Let v = -49682 - -93499. What is the hundreds digit of v?
8
Let y(d) = 1004*d - 4930. What is the tens digit of y(36)?
1
Let n(d) = -11*d - 7. Suppose -5 = -2*t + 6*t - 3*w, 0 = t - 3*w - 1. Let v be n(t). Suppose -17*o + 166 = -v*o. What is the tens digit of o?
8
Suppose v - 20400 = -5*f, -162*f + 163*f - 4089 = -2*v. What is the hundreds digit of f?
0
Let g(n) = 9*n**2 - 4*n + 1. Let d be g(1). Suppose -26 = -d*z + 4*z. Suppose 11*l + 422 = z*l. What is the tens digit of l?
1
Let o(c) = -c**3 + 10*c**2 - 17*c + 12. Let a be o(8). Suppose 3 = -i + a. Suppose n = -i, q - 433 = -4*q - 2*n. What is the tens digit of q?
8
Let b be (2 - 6)*-2 - (-1 - 137). Suppose -15 - 15 = -2*p. Suppose -7*c + p + b = 0. What is the tens digit of c?
2
Let c be 1*4 + (-7 - -3). Let i be -1*(-1)/(-2)*c. Suppose i = -2*x - 3*x + 25. What is the units digit of x?
5
Suppose -11*v + 14*v + 183 = 0. Let m = -61 - v. Suppose m = -7*t + 13*t - 144. What is the tens digit of t?
2
Let g be (4/(-10) - 2944/(-160)) + 2. Suppose 22320 = g*p - 2440. What is the hundreds digit of p?
2
Suppose 5*q + 4*x - 47406 = 0, -31*q + 26*q - 3*x = -47412. What is the tens digit of q?
8
Let p(k) = 996 - k**2 - 502 - 511 + 4*k + 18*k. Let t be (32/(-6))/((-1)/3). What is the tens digit of p(t)?
7
Let s = 9972 - 5961. What is the units digit of s?
1
Let d be (-178 - (-6)/(-2))/1. Let w = d + -13. Let t = w - -337. What is the hundreds digit of t?
1
Let m = -43 + 45. Let i be (-50 - m)*(3 + -5 + 0). Let k = i - 96. What is the units digit of k?
8
Let r(o) = -3*o**3 - 25*o**2 + 21*o - 228. What is the tens digit of r(-24)?
4
Let d be -6*((-603)/6 + 2). Let o = d - 365. What is the tens digit of o?
2
Suppose 3*a = 15, -3*d - a = -7*d + 3235. Let i = d - -318. What is the thousands digit of i?
1
Let i(x) = -11*x - 13. Let p be i(-1). What is the units digit of (1 + p - -1) + 771?
1
Let w(l) = -7*l + 201. Let t be w(0). Let n = t - 144. What is the tens digit of n?
5
Let j = 3005 - 1917. Let b = j - 596. What is the tens digit of b?
9
Let f be (-10)/45 + (-454)/(-18). Let r = 25 - f. Suppose r = -4*j - 93 + 365. What is the tens digit of j?
6
Let n be 2/4*7874/(-31). Let u = n - -420. What is the units digit of u?
3
Suppose 559*t - 554*t - 29430 = 0. What is the thousands digit of t?
5
Let x(w) = -w**3 - 16*w**2 - 66*w - 14. Let y be x(-8). Suppose g + y*p - 43 = 0, 0 = 4*g - 0*p + 4*p - 172. What is the tens digit of g?
4
Suppose -5*w - 6154 = -2*i, 5*w - 4*w + 6178 = 2*i. What is the thousands digit of i?
3
Let r be (-2)/7 + (-4)/(-14). Suppose k - 6 = -r. Suppose -k*d = -5*b - 2*d + 232, -5*b - 5*d + 205 = 0. What is the units digit of b?
4
Let y(i) = -7*i**3 - 6*i**2 - 14*i + 1. What is the tens digit of y(-8)?
1
Suppose 0 = -2*t - 3*n - 11, 0 = -t - 2*t - 4*n - 14. Suppose -t*l = o - 7, -2*o - 3*l + 10 = 2*l. What is the tens digit of 20/25 - (-618)/o?
4
Suppose 0 = i - 7*i + 1920. Suppose -6*j - 2*j + i = 0. Suppose -5*w = -w + 4, -j = -d + 2*w. What is the tens digit of d?
3
Suppose -170*f = -324*f + 7599746. What is the ten thousands digit of f?
4
Let m = -334 - -320. Let d(q) = q**3 + 15*q**2 - 14*q - 16. What is the tens digit of d(m)?
7
Let g = -8 + 10. Suppose 25 = -5*o, -143 = g*h - 4*h + 5*o. What is the tens digit of h?
5
Suppose 48*v - 156479 = 18*v + 197191. What is the thousands digit of v?
1
Suppose -394*z + 12 = -398*z. Let t(y) = 7*y**2 + y - 2*y + 4*y + 10. What is the units digit of t(z)?
4
Let q be 93/(-1581) + (-248881)/(-17). Suppose 0*n - q = -30*n. What is the hundreds digit of n?
4
Let w(v) = 17683*v + 3550. What is the units digit of w(2)?
6
Suppose -1046080 = -98*j - 126*j. What is the units digit of j?
0
Let u(v) = -v**3 - 4 - 11*v**2 + 5 + v + 10*v**2. Let f be u(1). What is the units digit of 55/(-2)*1*(f - 2)?
5
Suppose -99 = 3*i + 4*a, -4*i + 7*a - 163 = 2*a. Let h = 37 + i. What is the units digit of h/(-1) - (1 + -71)?
0
Let m = 3956 + 9484. What is the units digit of m?
0
Let v(j) = 9938*j - 4007. What is the units digit of v(3)?
7
Suppose 2*k - 130 = 7*k. Let z = k - -30. Suppose 0 = 4*d + 5*v - 16, -4*d - z*v = -0*d - 20. What is the units digit of d?
9
Let z = -151 + 289. Suppose 135*r = z*r - 1008. What is the tens digit of r?
3
What is the thousands digit of 10 - (-18530 - 0/(-1 + -4))?
8
Let a = 45693 - 32422. What is the ten thousands digit of a?
1
Let z = -256 - -295. What is the tens digit of (-5486)/z*(14/(-4) + -1)?
3
Let x be (-20)/1*(3 - (-10)/(-4)). Let w be 16540/100 - (-4)/x. Suppose -q - r = -w, 4*r + 354 = 3*q - q. What is the units digit of q?
9
Let u(z) = 104*z**2 + 13 + 100*z**2 - 215*z**2 - z**3 + 23*z. Suppose 4*x - 5*d + 47 = 0, -d + 2*d + 40 = -3*x. What is the tens digit of u(x)?
5
Let u = -1015 + 2061. What is the units digit of (140/210)/(u/1044 - 1)?
8
Let k(t) = -1 + 4 - 2. Let d(i) = -i + 84. Let x(a) = d(a) - 3*k(a). What is the units digit of x(0)?
1
Let j(k) = k**3 - 74*k**2 + 211*k - 616. What is the tens digit of j(72)?
0
Let j be (20/(-16))/(2/(-8)). Suppose -j*y + 578 = -437. Let v = -117 + y. What is the units digit of v?
6
Suppose -5853*x + 5718*x = -845640. What is the thousands digit of x?
6
Suppose 111*k = 99*k - 864. What is the units digit of (-8205)/(-36) + -2 - 6/k?
6
Suppose -2*g + 5 = 1. Suppose 7 = 5*x + 2*o - 0*o, -3*o - 18 = -g*x. Suppose x*t = 2*t + 4. What is the units digit of t?
4
Suppose 6*v = -v + 28. Suppose v*c = r + 1383, -c - r = r - 357. What is the hundreds digit of c?
3
Let h be (145/116)/(2/(-200)). Let t = 419 + h. What is the tens digit of t?
9
Suppose -3*u = -3*o + 6360, 3*u + 4870 - 625 = 2*o. Suppose 0 = -2*z + 17*z - o. What is the tens digit of z?
4
Let w(n) = -n - 8. Let x be w(-24). Suppose 5*a + 5027 = x*a. What is the tens digit of a?
5
Let v = 596 + -614. Let k(g) = 3*g**2 + 11*g + 223. What is the hundreds digit of k(v)?
9
Suppose 17 = b - 27. Suppose 41*z + 15 = b*z. Suppose -r + 106 = -z. What is the tens digit of r?
1
Suppose -135663 - 102009 = -24*l. What is the tens digit of l?
0
Let b be (116/(-12))/(1/(-3)). Let q = -51 + b. Let m(f) = f**2 + 17*f - 25. What is the tens digit of m(q)?
8
Let v(m) = m**2 + 3*m - 44. Let p be v(19). Suppose p = 12*h - 2482. What is the tens digit of h?
3
Let r(a) = -2*a**2 - 10*a + 13. Let h be r(-6). Let l(b) = 11 - 42*b - h + 27*b. What is the units digit of l(-10)?
0
Let o = -5008 - -10924. What is the hundreds digit of o?
9
Let l(x) = 136*x**2 + 14*x - 1. What is the hundreds digit of l(7)?
7
Let h(o) = o**3 - 56*o**2 + 15*o - 1133. What is the thousands digit of h(58)?
6
Let f = 11289 - 4180. What is the hundreds digit of f?
1
Let b = 1823 - 758. Suppose -3*n - n = -3*h + 11, -2 = -2*n. Suppose h*l + b - 337 = 4*t, -t + 2*l + 182 = 0. What is the units digit of t?
2
Let o(w) = w**3 - 3*w**2 - 3*w + 4. Let z be o(4). Suppose -15*u + 7*u = -z. What is the units digit of 1/(u - 0) - (-29 - -5)?
5
Let l be ((-2)/(-7))/((-1)/7)*-1. Suppose 12*m - 17*m + 2*u = -1861, 3*m - 1123 = -l*u. What is the hundreds digit of m?
3
Let d = 180 - 171. Suppose 11*o = d*o + 706. What is the units digit of o?
3
Suppose 56*c - 58*c + 36 = 0. Suppose -